 323 and s?
17
Let r(g) = -g**3 - 9*g**2 - 7*g + 8. Let u be r(-8). Let j be 0 + u - 1/(5/(-90)). Calculate the highest common divisor of 12 and j.
6
Let u = 119 + -113. Suppose 0 = 2*q + u*m - 3*m + 8, 5*q + 4*m = -6. Calculate the highest common divisor of 18 and q.
2
Let a be (216/20)/(((-16)/20)/(-2)). Calculate the greatest common factor of a and 45.
9
Suppose -2*a = -6*a + 4*x + 36, -2*x = a - 18. What is the greatest common factor of 12 and a?
12
Suppose k - 5*k = -2*s + 14, 24 = -3*s - 3*k. Let q be 4 + -2 - (-80 + s). What is the greatest common divisor of q and 34?
17
Let r = -60 - -224. Suppose 0 = -g + r + 243. What is the greatest common divisor of 37 and g?
37
Let p(j) = -20*j + 994. Let d be p(48). Calculate the highest common factor of d and 1462.
34
Let x be 24/(-12) - (-2 - 3). Let t = x + -11. Let a = t + 15. Calculate the greatest common factor of a and 70.
7
Suppose -j - j - 28 = 0. Let t be (-6)/21 + (-270)/j. Let c(m) = m**3 - 2*m**2 + 19*m - 49. Let g be c(6). Calculate the highest common factor of t and g.
19
Let h(d) = -d**3 + 18*d**2 - 9*d - 89. Let v be h(17). Calculate the greatest common factor of 1927 and v.
47
Let i(x) = x**3 + x**2 - 3*x - 2. Let a be i(-4). Let n be 44/3*72/(-48). Let p = n - a. Calculate the highest common divisor of 24 and p.
8
Suppose -2*x + 182 = s, 4*x = 6*x - 3*s - 198. Calculate the highest common factor of x and 775.
31
Let a(h) = -16*h + 6. Let u be a(-4). Calculate the greatest common factor of 910 and u.
70
Suppose 0 = 4*q - 157 + 25. Let a(t) = 3*t + 46. Let d be a(-8). Calculate the highest common factor of q and d.
11
Let u = -468 - -528. Calculate the highest common divisor of u and 192.
12
Suppose 83*n - 310 = -2*j + 86*n, -487 = -3*j - n. What is the greatest common factor of j and 77?
7
Let k be (-6)/(3 - 128/40). Calculate the greatest common factor of k and 12.
6
Suppose 57 = -2*f + 83. What is the highest common factor of f and 208?
13
Let d(o) = o**3 - 4*o**2 - o - 20. Let i be d(6). Suppose 2*m - 20 = -3*t, -4*t = -4*m + i - 6. What is the greatest common divisor of 2 and m?
2
Suppose 19 = -2*m - 3. Let h = 30 + m. Calculate the highest common divisor of h and 57.
19
Suppose 17*m = 18507 - 5723. Calculate the highest common divisor of m and 47.
47
Suppose 0 = 43*n - 29847 + 951. Calculate the highest common divisor of n and 72.
24
Let v(w) = 2*w + 18. Suppose r - 40 = -4*r. Let j be v(r). Let b be j/3*(-3)/(-2). What is the highest common divisor of b and 85?
17
Suppose 4*z + 111 = 3*z. Let j = 156 + z. What is the highest common factor of 9 and j?
9
Let n(v) = -29*v. Let a be n(7). Let o = a + 329. Calculate the greatest common divisor of o and 14.
14
Let f(t) = -2*t - 24. Let z be f(-14). Let l = 6 - z. Suppose 6*a = l*a + 84. Calculate the greatest common factor of 21 and a.
21
Suppose 275*k + 448 = 291*k. Let c be 10*(-1 - 0) - 2. Let y = c - -19. What is the highest common factor of k and y?
7
Suppose 20*i = 19*i + 112. Calculate the greatest common divisor of i and 16.
16
Let z(k) = 4*k + 50. Let r be z(-7). Calculate the highest common divisor of 33 and r.
11
Suppose -q + 54 = 5*s + 9, 0 = -3*q. Let b(r) = -r**3 + 4*r**2 - 4*r + 6. Let g be b(4). Let p = s - g. What is the greatest common factor of 209 and p?
19
Suppose -w = 11*x - 8*x - 77, -5*w - 95 = -5*x. What is the greatest common divisor of x and 72?
24
Let x be 8/12 + (3 - 100/(-12)). Let l be (81/x)/((-6)/(-168)). What is the greatest common divisor of l and 9?
9
Suppose -9*j = -5*j + 2*p - 2296, p = 5*j - 2870. What is the greatest common divisor of 14 and j?
14
Suppose 203 = 13*j + 21. Let a be 252*(j/119 - 26/(-68)). Calculate the highest common factor of 18 and a.
18
Let n(m) = 8*m - 4. Let x be n(3). Let o(i) = -7*i**2 - 5*i - i - 13 + x*i + 6*i**2. Let f be o(10). What is the highest common divisor of 9 and f?
9
Let p(u) = 7*u - 2. Let n be p(1). Suppose n*a + 65 = 165. What is the highest common factor of a and 180?
20
Suppose -18 = -2*l + 4. Suppose 21*s - 2904 = -3*s. What is the greatest common divisor of s and l?
11
Let n = 15 + -11. Let o(t) = -t**2 + 6*t - 3. Let g be o(5). Suppose -2*m + y = -4*m + 56, -g*m + 5*y = -56. Calculate the highest common divisor of m and n.
4
Let y be (-40)/(-56)*7*3. Let z = -283 - -418. What is the highest common divisor of z and y?
15
Let r be (-20)/25*(-1680)/16. What is the highest common factor of r and 308?
28
Let d = 213 + -188. Calculate the greatest common divisor of 100 and d.
25
Suppose -4*h - 206 = -5*b, 5*b = b - 2*h + 170. Let q be (-38)/399 - (-1852)/b. What is the highest common divisor of 33 and q?
11
Let q(w) = 2*w**2 - 2*w + 3. Let y be q(1). Suppose -5 = -5*a, -y*z = -0*z - 3*a - 33. Calculate the greatest common divisor of 2 and z.
2
Let h be (1000/(-6) - 0)*(-12)/8. Calculate the greatest common divisor of 100 and h.
50
Let m(g) = 2*g**2 + g + 37. Let n be m(0). Let r be n - (1 + -2)*-4. Let i be ((-44)/16)/(1/(-4)). What is the highest common divisor of r and i?
11
Suppose 4*m - 124 = 2*s, 0 = -m + 2*s + 34 - 6. Calculate the greatest common factor of m and 224.
32
Let y(j) = 3*j**2 + 1. Let c be y(-1). Suppose 0*d = -c*d + 220. Suppose -5*i + 61 = 4*p - 42, 3*i = 3*p - 57. What is the greatest common factor of d and p?
11
Let u(l) = -3*l + 20. Let d be u(6). Suppose -484 = -d*f - 2*f. Calculate the highest common factor of 11 and f.
11
Suppose v - 5 = -0*v, 2*j - 187 = -3*v. Let i = j - 46. Calculate the highest common divisor of i and 60.
20
Suppose -5*k = -4*h - 9 + 158, 4*h = 2*k + 62. Let x = k - -85. Suppose -n = 4*q - x, -3*q = 5*n + q - 232. Calculate the greatest common factor of 4 and n.
4
Suppose -20*p + 28 = -13*p. Calculate the greatest common divisor of 1004 and p.
4
Suppose 5*y - 3*d - 5 = 0, -5*y + 2*y + 5*d - 13 = 0. Let r be (-48)/(-72) - (-32)/6. What is the greatest common divisor of y and r?
2
Suppose l - 105 = -15*w + 10*w, 310 = 4*l - 2*w. Suppose -3*j + 64 = -32. Calculate the greatest common divisor of l and j.
16
Suppose 0*x + x - 3 = 0. Suppose u = x*u - 2*h - 20, 5*u - 44 = -h. Suppose 90 = -4*j + 378. Calculate the greatest common factor of u and j.
9
Let g(u) = 2*u**2 - 20*u + 12. Let t be g(9). Let l(m) = -m + 7. Let z be l(t). Calculate the greatest common factor of 221 and z.
13
Let u = -30 - -505. What is the greatest common divisor of u and 25?
25
Let j be ((0 - -6)*1)/(6/(-308)). Let l = -172 - j. What is the highest common factor of l and 8?
8
Let w(s) = -s + 6. Let u be 20/(-70) - (-19)/(-7). Let g be w(u). Let p = -5 + g. Calculate the highest common divisor of p and 16.
4
Let x(f) = -10*f + 46. Let c be x(-12). What is the highest common divisor of 249 and c?
83
Let f(p) = 64*p - 108. Let z be f(10). What is the greatest common divisor of 84 and z?
28
Suppose -4*z - 108 = -3*j, 4*z - 3*z = -3*j + 93. Suppose 2*f - j = -3*k, -4*k = 2*f + k - 36. What is the highest common factor of 91 and f?
13
Let f = 31 - 29. Suppose -6*d + 136 = -f*d. What is the highest common factor of d and 34?
34
Let b(x) = x + 22*x**2 - 7 - 9*x**2 + 0*x - 16*x**2 + x**3. Let n be b(5). What is the greatest common divisor of 12 and n?
12
Let h(z) = z**2 - 2*z - 10. Let x be h(-7). Let k be 4*(-1)/(-2)*16. Let y = x - k. What is the highest common factor of 7 and y?
7
Let a = -57 - -68. Suppose -80*p + 84*p - 396 = 0. What is the greatest common factor of a and p?
11
Let b(o) = -3*o + 36. Let z(x) = -x**3 - 10*x**2. Let s be z(-10). Let a be b(s). Calculate the greatest common factor of a and 9.
9
Suppose 5*o + 6 = 3*f, 6*o = 4*f + 3*o - 8. Let x be (4/(-2) - (-1 - f)) + 2. Calculate the greatest common factor of x and 12.
3
Suppose 5*d = 6*d - 29. Suppose -j + 42 + 13 = -2*c, 3*j = 2*c + 149. Let n = j - d. What is the greatest common factor of n and 12?
6
Suppose 4332 = -40*j + 59*j. What is the highest common divisor of j and 4?
4
Let c be 98*(-4)/(140/(-25))*2. Calculate the highest common factor of c and 220.
20
Suppose 4*l - 361 = -n, -4*n = n - 5. Suppose -301 = -5*k + j, 0 = -4*k - 2*j + 137 + 101. Calculate the greatest common divisor of l and k.
30
Let a be (((-84)/9)/(-4))/(6/(-234)). Let b = 116 - a. Calculate the greatest common divisor of 9 and b.
9
Let v = 527 - 375. Let u(r) = 0*r**2 - 2*r**3 + 0*r + 3*r**2 -